In base 4, what is -30 + 12321?
12231
In base 13, what is -5 - -76c?
767
In base 2, what is 101010001 - -100?
101010101
In base 6, what is -33 - -13?
-20
In base 3, what is -11 - 122122?
-122210
In base 12, what is 3 + -a8a?
-a87
In base 4, what is 1000 + 1?
1001
In base 3, what is 112211 + 11?
112222
In base 8, what is 1145 + 11?
1156
In base 12, what is -11ab7 - 1?
-11ab8
In base 14, what is 7676 - -2?
7678
In base 8, what is -37 + -22?
-61
In base 7, what is 3 + -3?
0
In base 12, what is 0 + -6a7?
-6a7
In base 10, what is 9 + 20?
29
In base 15, what is 11 + 25c?
26d
In base 3, what is 2 - 1111212?
-1111210
In base 5, what is 10 + -4423?
-4413
In base 6, what is -1 - 243?
-244
In base 6, what is 154 - 102?
52
In base 10, what is -2 - -362?
360
In base 9, what is 2 - -31?
33
In base 7, what is -1 - -310?
306
In base 3, what is 12 - 2001?
-1212
In base 9, what is -12 + -44?
-56
In base 12, what is 1 - 596?
-595
In base 10, what is -588 - -2?
-586
In base 4, what is -11002 + 112?
-10230
In base 11, what is 287 - 3?
284
In base 15, what is 799 + 5?
79e
In base 6, what is -4032 - 5?
-4041
In base 15, what is 3 - c?
-9
In base 4, what is -10211 - 10?
-10221
In base 3, what is 2 - -21?
100
In base 6, what is -1040 + 5?
-1031
In base 11, what is -a - -6?
-4
In base 6, what is -5 + -12134?
-12143
In base 3, what is -12 - 1111201?
-1111220
In base 4, what is -2 + 1223?
1221
In base 12, what is -27 - 12?
-39
In base 13, what is 12 - 14?
-2
In base 16, what is 5f + 43?
a2
In base 10, what is -21 + -68?
-89
In base 16, what is 1f5 + 16?
20b
In base 2, what is -11 + -111001?
-111100
In base 15, what is -3 - 3db?
-3de
In base 9, what is 2 - -51?
53
In base 2, what is -10000 - 110000?
-1000000
In base 3, what is -220 + 101?
-112
In base 8, what is 1160 - -4?
1164
In base 5, what is 3 - -110212?
110220
In base 13, what is 4 - 627?
-623
In base 11, what is a8 - -8?
105
In base 2, what is -100 - -10110100010?
10110011110
In base 9, what is 2 - 41?
-38
In base 16, what is -333 - -1?
-332
In base 14, what is -194 + -1?
-195
In base 5, what is 11304 - 23?
11231
In base 4, what is -2023 - 0?
-2023
In base 14, what is 7 - 10b?
-104
In base 6, what is -3 + -205?
-212
In base 2, what is -101 + -1010111?
-1011100
In base 11, what is -513 + -1?
-514
In base 12, what is 1147 + -4?
1143
In base 15, what is 46 - d?
38
In base 5, what is -131 - -1413?
1232
In base 5, what is -343 + 14?
-324
In base 11, what is 1196 - -5?
11a0
In base 12, what is 0 - 40a?
-40a
In base 5, what is 1123120 + 0?
1123120
In base 7, what is -11434 - -2?
-11432
In base 9, what is 3 - -30?
33
In base 4, what is 111 - -201?
312
In base 12, what is 37b + 9?
388
In base 11, what is 1 - -249?
24a
In base 15, what is 1 + 1c?
1d
In base 9, what is -67 + 1?
-66
In base 7, what is -4636 - -13?
-4623
In base 12, what is 494 + 0?
494
In base 15, what is 66 - 10?
56
In base 16, what is 8 + 1a?
22
In base 11, what is 37 + 17?
53
In base 14, what is 2c7 + -4?
2c3
In base 14, what is -8b8 - -1?
-8b7
In base 3, what is 1020 + 12200?
20220
In base 9, what is -1 - -3606?
3605
In base 2, what is -100 + 1000111?
1000011
In base 3, what is 201 - 201?
0
In base 6, what is -404312 - -1?
-404311
In base 11, what is 7161 + -1?
7160
In base 4, what is 223320 + -3?
223311
In base 9, what is -303 - 6?
-310
In base 9, what is -10 + 132?
122
In base 5, what is 24 - -142?
221
In base 4, what is -23 - 210?
-233
In base 11, what is -1292 - -5?
-1288
In base 6, what is -5 + 25?
20
In base 12, what is -5 - 609?
-612
In base 15, what is 16 + -11?
5
In base 4, what is -1 + 23232?
23231
In base 2, what is 10000011 + 1?
10000100
In base 12, what is 613 + -1?
612
In base 14, what is 40 + -8?
36
In base 14, what is 3 - 1d7c?
-1d79
In base 15, what is 3d1 - 2?
3ce
In base 7, what is 3 + 4?
10
In base 11, what is 1893 - 5?
1889
In base 5, what is -244123 + 3?
-244120
In base 5, what is 44 + -32?
12
In base 12, what is -4 - 51?
-55
In base 2, what is -100111100 - 10?
-100111110
In base 3, what is 1 - -112?
120
In base 13, what is 36 - -4?
3a
In base 2, what is -1 + 100011010?
100011001
In base 16, what is e2 - -6?
e8
In base 10, what is 257 - -29?
286
In base 9, what is 1 + 132?
133
In base 9, what is 10218 - -1?
10220
In base 13, what is -11 - -441?
430
In base 16, what is -16d - 3?
-170
In base 6, what is -3 + 113?
110
In base 4, what is 302 - 13?
223
In base 14, what is 4 + 4?
8
In base 10, what is -2 + -416?
-418
In base 12, what is -1b + -6?
-25
In base 6, what is 35 + -10?
25
In base 4, what is 0 - 2000?
-2000
In base 3, what is 10111 + -10?
10101
In base 5, what is -1 + 133240?
133234
In base 15, what is 0 - 1a1?
-1a1
In base 9, what is 3212 + -5?
3206
In base 13, what is 4 - 22?
-1b
In base 14, what is d + a6?
b5
In base 6, what is -4 - 303?
-311
In base 10, what is 6 - -1726?
1732
In base 4, what is -213 + 13?
-200
In base 13, what is c9 + 2?
cb
In base 14, what is 2 + 41?
43
In base 4, what is -11 + 102001?
101330
In base 2, what is 110100 - -10000?
1000100
In base 4, what is -3 - -122011?
122002
In base 4, what is -310 - 11?
-321
In base 7, what is 0 - 32?
-32
In base 10, what is -53 - 21?
-74
In base 3, what is -10202 + 201?
-10001
In base 12, what is 26 + -16?
10
In base 16, what is 6 - -2c?
32
In base 4, what is 312131 + 10?
312201
In base 2, what is -10110 + -10011000?
-10101110
In base 8, what is -43462 - 2?
-43464
In base 15, what is 4a - 2?
48
In base 11, what is -263 - 17?
-27a
In base 15, what is 4 + -146?
-142
In base 12, what is -351 - 0?
-351
In base 16, what is 1 - -b?
c
In base 4, what is 2110 - 110?
2000
In base 7, what is 1011 - 40?
641
In base 6, what is 5 + -13?
-4
In base 8, what is -2 - 1273?
-1275
In base 8, what is -4 + 4005?
4001
In base 13, what is 726 + -5?
721
In base 5, what is 13 - 11?
2
In base 16, what is 210 - -4?
214
In base 11, what is 2759 + 1?
275a
In base 7, what is -245 - 20?
-265
In base 10, what is -14 - 413?
-427
In base 9, what is -4 - -645?
641
In base 4, what is -13331 + -11?
-20002
In base 16, what is -14e - -15?
-139
In base 10, what is 222 + 2?
224
In base 2, what is -100111 + -11110?
-1000101
In base 4, what is 0 + 2220?
2220
In base 11, what is 0 + -43?
-43
In base 9, what is -376 + 2?
-374
In base 5, what is -11 + 21?
10
In base 15, what is -2 + 13?
11
In base 16, what is 5 - 28?
-23
In base 5, what is -30 + -4?
-34
In base 10, what is 85 - 30?
55
In base 10, what is 490 + 1?
491
In base 2, what is 100 - 1101?
-1001
In base 2, what is -11011111 + 1?
-11011110
In base 3, what is 2 - 1010101?
-1010022
In base 8, what is 40144 + -3?
40141
In base 15, what is 4 + -18?
-14
In base 12, what is 2b + -52?
-23
In base 11, what is -19a8 - -2?
-19a6
In base 4, what is 0 - 330?
-330
In base 9, what is 5 - 682?
-676
In base 13, what is 1 + -2a?
-29
In base 7, what is 4 - 1563?
-1556
In base 4, what is 3333300 + -2?
3333232
In base 6, what is 2 - -3100?
3102
In base 9, what is 451 - 7?
443
In base 10, what is -11 + 6?
-5
In base 7, what is 3 - 316?
-313
In base 2, what is -11 + 1000001?
111110
In base 16, what is -4 - 49?
-4d
In base 7, what is 5 - 122?
-114
In base 4, what is 2 - 1133102?
-1133100
In base 6, what is -1544 + -5?
-1553
In base 4, what is -1 - -202?
201
In base 15, what is 3 + 5e?
62
In base 11, what is 1402 + 4?
1406
In base 7, what is -10250 - 0?
-10250
In base 16, what is -5b + 0?
-5b
In base 5, what is 24024 + 1?
24030
In base 10, what is -185 + -2?
-187
In base 9, what is 864 - 5?
858
In base 16, what is -b + 19?
e
In base 14, what is 5d5 + -2?
5d3
In base 9, what is 335 + -3?
332
In base 4, what is -21211 - 10?
-21221
In base 3, what is 112 - 1?
111
In base 7, what is 0 + -1330?
-1330
In base 15, what is 363 + -2c?
336
In base 3, what is 112 + 1221?
2110
In base 15, what is -d8c - -4?
-d88
In base 4, what is -102 - -103?
1
In base 16, what is 0 - 2c7?
-2c7
In base 3, what is 102110 + -10?
102100
In base 2, what is 100101110 - 0?
100101110
In base 16, what is 2 + 1d?
1f
In base 11, what is 40 + -12?
29
In base 10, what is 182 + 18?
200
In base 8, what is 22 - -6?
30
In base 5, what is -101 - -3?
-43
In base 14, what is -1199b + 5?
-11996
In base 8, what is 5 + 167?
174
In base 13, what is 3 - -a2?
a5
In base 4, what is 31 + -11?
20
In base 9, what is -4 + -12?
-16
In bas